 -3*g - 27. Let p be x(-11). Let f = l + p. List the prime factors of f.
2, 5
Let v = 11 - -11. Suppose 2*p - 8 = 4*n, n = 2*p + p - v. Let w(k) = 11*k + 16. What are the prime factors of w(p)?
2, 13
Let t(v) = -v**3 - 4*v**2 - 11*v - 19. Let c be t(-6). Let o = c - 56. List the prime factors of (-14)/o - (-1)/(27/2544).
2, 47
Let l be ((-46)/4)/(10 + (-231)/22). Suppose -424 = l*f - 31*f. List the prime factors of f.
53
Let a = -38 - -45. Let q(t) = t**2 - 4*t + 12. Let v be q(a). Let o = v + 84. What are the prime factors of o?
3, 13
Let f be (18/(-4))/(9/1494). Let k = -446 - f. What are the prime factors of k?
7, 43
Let v be (0 - (-8)/10)/((-2)/70). Let r = -85 - v. Let g = 73 + r. What are the prime factors of g?
2
Let s = -171 - -194. Suppose -347 = s*q - 19161. What are the prime factors of q?
2, 409
Let r(g) = 11441*g**3 + 16*g - 16. What are the prime factors of r(1)?
17, 673
Suppose 162 - 132 = 2*z. Suppose -z*g = -6*g - 3915. List the prime factors of g.
3, 5, 29
Suppose -2*w + 4*o - 64417 = -7*w, -2*w = 4*o - 25762. List the prime factors of w.
3, 5, 859
Suppose -94264 - 45968 = -51*k + 37707. List the prime factors of k.
3, 1163
Let y = -11006 - -40978. List the prime factors of y.
2, 59, 127
Let p(h) = h**2 - 6*h + 3. Let o be p(6). Let u = 9902 - 9876. Suppose -4*m + u = 3*j + m, 0 = -3*j + o*m + 66. List the prime factors of j.
17
Suppose 2*o - 66*j - 8334 = -64*j, 5*o + 5*j = 20925. List the prime factors of o.
2, 3, 29
Suppose 3*n - 910 = 1658. Let p = n - -78. List the prime factors of p.
2, 467
Suppose -3*s + z + 5614 = -4*z, 3*z + 7467 = 4*s. List the prime factors of s.
3, 23
Suppose 0 = 2*l - 5*g + 13, 5*l = 9*l - 5*g + 11. List the prime factors of (-416 + 337)*(2 - l)*-14.
2, 7, 79
Suppose 61*s - 56*s - 1815 = 0. Let m = -200 + s. List the prime factors of m.
163
Suppose -996*w = -1023*w + 534141. List the prime factors of w.
73, 271
Suppose 5*m - 4*t = 9305, -3734 = -2*m + 13*t - 9*t. Let s = -1228 + m. List the prime factors of s.
17, 37
List the prime factors of ((-18)/42 - (-479)/7)*(-31559)/(-38).
2, 11, 17, 151
Let a(v) = -2*v**3 + 31*v**2 + 33*v + 31. What are the prime factors of a(15)?
751
Let u(i) = 29*i - 241. Let t = -148 - -167. What are the prime factors of u(t)?
2, 5, 31
Suppose k - 20 = -4*k. Suppose g - 71 = -4*q - 16, -k*g - 2*q + 220 = 0. Suppose -z = -2*z + g. What are the prime factors of z?
5, 11
Let d(x) be the first derivative of 5/2*x**2 + 6*x**3 - 10 - 6*x. List the prime factors of d(-3).
3, 47
Suppose 11*k - 4 = 10*k. Suppose k*h + 3*r = -39, h - 3*r + 42 = -4*h. What are the prime factors of 196*(h/2 + 5)?
2, 7
Let h(x) = 2*x**2 - 26*x - 1. Let w be h(24). Suppose w*u - 532*u = -5190. What are the prime factors of u?
2, 3, 173
Suppose 4810*c - 4816*c + 75462 = 0. List the prime factors of c.
12577
Let d = -163 + 165. Suppose 0 = 3*f + t - 2212, d*t = -3*f - 513 + 2723. What are the prime factors of f?
2, 3, 41
Let q = 73 + -70. Suppose -2*a + q + 301 = 0. List the prime factors of a.
2, 19
Let i = 118612 - 70999. What are the prime factors of i?
3, 59, 269
Let v be 6/10 + (-999)/(-185). List the prime factors of 313 + (v - 4 - 4).
311
Let i be (-3)/(-5) + 2 + 215/(-25). Let h be 2/2*(1 + (-84)/i). What are the prime factors of (6/h*-2)/(1/(-125))?
2, 5
Let t(s) = 4*s**3 + 9*s**2 + 10*s - 20. Let m(a) = -4*a**3 - 8*a**2 - 9*a + 20. Let n(r) = 5*m(r) + 4*t(r). List the prime factors of n(-6).
2, 5, 7, 11
Suppose 3*n + 2*n - 3*f = 66017, -2*f + 52840 = 4*n. List the prime factors of n.
47, 281
Let r(s) = -51*s + 131. Suppose 4*l + 37 - 13 = 0. What are the prime factors of r(l)?
19, 23
Suppose 4*h - 113 - 115 = -r, 0 = 4*r - 3*h - 893. Suppose -4*k = 4*s - 316, 3*s - r = 2*k - 7. Let f = 129 - s. List the prime factors of f.
2, 3
Let t(q) = 46*q**3 + 7*q**2 + 17*q - 121. What are the prime factors of t(6)?
10169
Let n(f) = -171*f**3 - 1. Let i be n(1). Let s(y) = 2*y**3 - y + 1. Let d be s(1). List the prime factors of d/(-7) + i/(-14).
2, 3
Let f = -116 - -123. Suppose -f*v + 1040 + 220 = 0. Suppose -5*h - v = -r, r - 4*h = 2*r - 198. List the prime factors of r.
2, 5, 19
Suppose -39 = -t - 134. Let n(x) = x**3 - 10*x**2 - 21*x - 56. Let f be n(13). Let s = f + t. List the prime factors of s.
83
Let f be 26/(-1 - (-2 - -2)). Suppose -5*l - 15 = 0, 2*b - 3*l - 44 + 19 = 0. What are the prime factors of (-932)/f - b/(-52)?
2, 3
Suppose 46 = m - 2*c, 2*c - 177 + 31 = -3*m. Let r = 51 - m. What are the prime factors of 70/1 + 3*(2 - r)?
67
Let w = -15979 - -25040. What are the prime factors of w?
13, 17, 41
Suppose 3*u - 4026 - 5016 = 0. Suppose -493 = -7*l + u. What are the prime factors of l?
3, 167
Suppose 0 = 2*n - 31 + 27. Suppose n*z + 3*z = -c + 618, -2*c = -2*z + 240. List the prime factors of z.
3, 41
Let a be 51954/30 - 6/(-30). Suppose 0 = -2*x + a - 226. List the prime factors of x.
3, 251
Let l(a) = 32 + 5*a**2 - 6*a - 2*a + 21. What are the prime factors of l(6)?
5, 37
Let x(g) = -g**2 - 18*g + 23. Let i(v) = v**3 - 4*v**2 - 3*v - 3. Let j be 1*16/(-1 + 5). Let s be i(j). What are the prime factors of x(s)?
2, 17
Suppose -470904*q = -470891*q - 1267903. List the prime factors of q.
7, 13933
Let r(n) = 15*n - 48 + 50 + 20 - 74 - 74. What are the prime factors of r(11)?
3, 13
Let k(w) = w**2 + 5*w - 94. Let o be k(9). Suppose u + o = 3*u. What are the prime factors of u?
2
Suppose 6*p - 4*p = 3*a - 11, 2*a - 3*p = -1. Suppose 0 = -11*v + a*v + 2036. List the prime factors of v.
509
Let y(f) = 2*f**3 - 3*f**2 - 2*f + 2. Let l be y(-2). Suppose -303*x + 297*x - 162 = 0. Let c = l - x. What are the prime factors of c?
5
Suppose -131*x - 33138 = -140*x. List the prime factors of x.
2, 7, 263
Suppose 96 = -23*x + 280. Suppose 21*h = x*h + 5876. List the prime factors of h.
2, 113
Let t(l) = -2*l**3 - 6*l**2 - 9*l - 12. Let d be t(-3). List the prime factors of d*(-1 + (-145)/(-25)).
2, 3
Suppose 2*c - 7 = 3. Suppose c*o + 30 = 45. Suppose i + 2*m - 134 = 0, i - o*i - m = -274. What are the prime factors of i?
2, 3, 23
Let p = -1323 - -9484. What are the prime factors of p?
8161
Let i = 112 + -107. Suppose -6*a + 2*a - 146 = -m, -a + i*m - 27 = 0. Let r = a - -210. List the prime factors of r.
173
Let n be 15 - 8 - 0/(0 + -2). Let b be 3 - (2 + -3) - (-98)/n. Suppose -13*j + b*j - 935 = 0. What are the prime factors of j?
11, 17
Let x(b) = 303*b**2 + 44*b + 5. Let n(t) = 152*t**2 + 22*t + 3. Let l(k) = -5*n(k) + 3*x(k). List the prime factors of l(2).
2, 5
Let b(t) = -3*t**2 + t. Let d be b(1). Let q = d + 27. Suppose 0 = 2*l + 5*u - 83 + q, -4*l = -4*u - 172. List the prime factors of l.
3, 13
Let d(w) = 32*w - 5. Let c(u) = -11*u + 2. Let a(n) = -11*c(n) - 4*d(n). Let y be a(2). Let g = 30 + y. List the prime factors of g.
2, 7
Let n = -2521 - -3589. Suppose 0 = -5*g + s + 1760, 9*s - 6*s = 3*g - n. List the prime factors of g.
3, 13
Suppose 12*p + 152 = 16*p. Let c be 4/(154/p + -4). Suppose -14 - c = -q. List the prime factors of q.
2, 3, 5
Let z = -1 - -6. Suppose z*p - 13 = -7*w + 3*w, 0 = 2*w - p - 3. Suppose -5*t - 4*k = -868, -4*t - 2*k + 346 = -w*t. What are the prime factors of t?
2, 11
Suppose 3*j - 4*x - 37520 = 0, 160*x = 5*j + 164*x - 62544. List the prime factors of j.
2, 53, 59
Let i(z) = 82*z + 33. Let j be i(-6). Let k be 1/(-2 + j/(-231))*-4. Suppose 4*u = -b + k, 3*b = 4*u + b - 308. List the prime factors of u.
7, 11
Let y = -15 + 24. Suppose 0 = -8*w + y*w + 7. Let p(x) = 4*x**2 + 12*x + 15. List the prime factors of p(w).
127
Let n = 109615 - 62221. List the prime factors of n.
2, 3, 2633
Let d(l) = 10*l**2 - 61*l - 918. What are the prime factors of d(-18)?
2, 3, 5, 19
What are the prime factors of (-1830)/(-20)*1858/12 - 8/32?
31, 457
Suppose 5*c + 14 = -o + 16, -5*c - 26 = -3*o. Let k(y) = 2*y**3 + 8*y**2 - 10*y - 31. List the prime factors of k(o).
977
Let c(g) = -g**3 - 8*g**2 - 19*g - 5. Let v be c(-2). Let j = v + 16. List the prime factors of j.
5
Let x(l) = 4128*l**3 + 6*l**2 + 3*l - 1. What are the prime factors of x(2)?
33053
Let q = -43 - -50. Suppose -11*c + q = -15. Suppose c*w - 20 = 2*n, -4*n - 30 = -5*w + 23. List the prime factors of w.
13
Let l(a) = -545*a - 553. What are the prime factors of l(-22)?
11437
Let o be ((-85)/68)/(1/8). What are t